 = z**2 - 8*z + 2. Let k be o(i). What is the units digit of (-1)/k*2*-7?
7
Suppose -4*k - 3*r - 5 = 10, -k - r - 5 = 0. Suppose 2*l + l - 6 = k. What is the units digit of l?
2
Suppose -o - 6 = -4*o. Suppose -22 = -0*l - o*l. What is the units digit of l?
1
Let v(m) = -4 + m + 12 - 4 - 2*m. What is the units digit of v(-8)?
2
Let t(c) = -c**2 + c. Let q be t(5). What is the units digit of (-1025)/q - 2/8?
1
Suppose -u - 30 - 61 = -2*x, -x = 4*u - 59. What is the units digit of x?
7
Let r(k) = 31*k**2 + k. What is the tens digit of r(1)?
3
Let v(g) = g**3 + 15*g**2 + 14*g - 13. What is the hundreds digit of v(-13)?
1
What is the tens digit of ((-590)/(-15) + (-1)/(-6))*2?
7
Suppose h + h = 4. What is the units digit of (-1)/h*-6*2?
6
Suppose 4*p + 25 = 5*x - p, 0 = -4*x - 4*p + 12. Let c = x - 4. What is the units digit of c - -6 - (0 + -1)?
7
Let y = -15 - -5. Let k = y - -6. What is the units digit of k/(-1)*(-1)/(-2)?
2
Suppose -2*g - g = 15. Let l = g - -5. Suppose n - u - 2 = l, 0 = u - 5 + 4. What is the units digit of n?
3
Let u = -88 - -136. What is the tens digit of u?
4
Let p(a) = -5*a + 2. Let z(j) = 56*j - 62*j - 63 + 39*j + 121*j. Let i(d) = -126*p(d) - 4*z(d). What is the units digit of i(1)?
4
Let y(f) be the first derivative of f**2/2 - 3*f - 2. Let x be y(5). Suppose -2*k = -20 + x. What is the units digit of k?
9
Suppose -4*u = -7*u + 3. Let s = -6 + u. Let l = 8 + s. What is the units digit of l?
3
What is the units digit of (-5)/(45/(-1164)) - 3/9?
9
Let f(n) = 3*n**2 - 3*n - 4. Let v = -4 - -7. Let p be f(v). Suppose 0 = -3*q + p - 5. What is the units digit of q?
3
Let p(t) = -t**3 + 3*t**2 + 2*t - 3. Let j = -1 - -4. Let r be p(j). Suppose -4 = -w + 4*d, r*w + d + 0*d = 12. What is the units digit of w?
4
Let x(s) = -s**3 - 10*s**2 + 8*s - 7. What is the units digit of x(-11)?
6
Let o(j) = 2*j - 7. Let a(b) = -b + 2. Let f(d) = -7*a(d) - 2*o(d). What is the tens digit of f(4)?
1
Let u = 6 + 0. Suppose -3*v - 3 = -2*h - u, -4*h = 3*v - 21. Suppose 3*b - v*l - 42 = -2*b, 0 = 3*b - l - 26. What is the units digit of b?
9
Suppose -5*d + 294 = -2*d. What is the units digit of d?
8
Suppose 2*f = -u + 2, 5*f = 4*f + 4. Let a = 8 - u. What is the units digit of a?
4
Let t(g) = g + 6. What is the units digit of t(12)?
8
Suppose 8 = -0*t + 4*t. Suppose 0 = -4*x + t*z + z + 10, -5*x + 12 = -4*z. What is the units digit of x?
4
Let r(i) = -i**3 - 2 + 2 + 6*i**2 - 3*i - 2*i. Let a be r(5). Suppose 3*d = -d + 16, a = -5*s - 5*d + 45. What is the units digit of s?
5
Suppose 0 = -x - 3*f, -3*f + 4 + 2 = 3*x. Let l = x + -4. What is the units digit of (7 - l)*(1 + 0)?
8
Let n(a) = -a**3 - 9*a**2 + 6*a + 6. What is the tens digit of n(-10)?
4
Let d(k) = 2*k - 1. Let g(s) = 5*s**2 + 2*s + 1. Let t be g(-1). What is the units digit of d(t)?
7
Suppose 0 = -4*z - 5*j - 19, 4*z = -j - 2 - 5. What is the units digit of 3 - (1/z + -3)?
7
Let v = 502 - 192. What is the hundreds digit of v?
3
Let a(z) = 6*z**2 + z - 2. Let p = -14 - -12. What is the tens digit of a(p)?
2
Suppose 2*u - 3*a - 8 + 34 = 0, a = u + 11. Let b be (4/(-2))/((-2)/(-9)). Let v = u - b. What is the units digit of v?
2
Let q = -7 - -7. Suppose -4*x - 5*p = -q*p - 73, 5*p - 25 = 0. What is the tens digit of x?
1
Let y be ((-10)/(-4))/((-4)/(-24)). Suppose -85 = -5*d - 0*d - 5*i, 2*d - 34 = 2*i. Suppose -4*f + d = -y. What is the units digit of f?
8
Let j = 2 + 1. What is the units digit of ((-15)/(-9))/(1/j)?
5
Let d = -73 - -299. What is the tens digit of d?
2
Let c(p) = 2*p**2 + 7*p. What is the units digit of c(-9)?
9
Suppose q = -u + 33, 5*q - u = -0*u + 153. What is the tens digit of q?
3
Suppose 18 = -n - 7. Let r = 66 + n. What is the units digit of r?
1
Let k(y) = y + y**3 - 5*y + 1 - 5*y**2 - 1. What is the tens digit of k(6)?
1
Suppose f = 4*f - 66. Suppose 3*v = -2*z - v + f, 60 = 5*z + 5*v. What is the tens digit of z?
1
Suppose 13*c - 8*c - 135 = 0. Suppose -5*s + c = -3*f - f, -6 = 2*s + 4*f. What is the units digit of s?
3
Suppose y = 5*y. Suppose w - j - 9 = y, -5*w + 40 = -5*j + j. What is the units digit of w?
4
Suppose -5*f - 5*v - 109 = -6*f, 0 = 4*f - 2*v - 472. Let u = -80 + f. What is the tens digit of u?
3
Suppose 0 = -2*g - 0*g + 726. What is the tens digit of g?
6
Let g be (-316)/36 + 4/(-18). Let o(w) = -w**2 - 12*w - 6. What is the tens digit of o(g)?
2
Let h(o) = -2*o**3 - 6*o**2 - o + 3*o**3 - 3*o + 9. Let q be h(6). What is the units digit of ((-12)/q)/(4/50)?
0
Let o = 64 - 12. What is the tens digit of o?
5
Suppose i - 258 + 67 = -o, -171 = -i + 3*o. Suppose -3*z = 33 - i. What is the units digit of z?
1
Let c(s) be the second derivative of s**4/6 + 5*s**3/3 - s**2/2 + s. Let l be c(-7). Let h = l + -11. What is the units digit of h?
6
What is the tens digit of (12/(-3))/4 + 39?
3
Let d(j) = j**2 + 1. Let i(r) = -5*r**2 - r - 13. Let q(a) = 6*d(a) + i(a). What is the units digit of q(-5)?
3
Let t(a) = 2*a**3 + a**2 + a. Let s = -5 + 4. Let o be t(s). What is the units digit of (1*(o - 1))/(-1)?
3
What is the tens digit of 0*1/3 - 1 - -15?
1
Let m(z) = 2*z**2 - 3*z - 4. Let l be (5/2)/((-3)/(-6)). Let f = l + -2. What is the units digit of m(f)?
5
Let l(g) = 2*g**3 + 2*g**2 + 6*g - 13. What is the units digit of l(4)?
1
Let a = 22 - 22. What is the tens digit of (22 - a) + 14 + -17?
1
Suppose r = -s + 36 + 89, 0 = 3*s - 2*r - 400. What is the hundreds digit of s?
1
Suppose 33*c - 35*c + 204 = 0. What is the units digit of c?
2
Let c(q) = 56*q**3 - 2*q**2 + q. What is the tens digit of c(1)?
5
Let j(u) = -u - 2. Let x be j(-6). Suppose -3*d + 185 = 4*z, -146 = -3*z + x*d + d. Suppose z = 5*b + 3*h, 5*h + 4 = 4*b - 4. What is the units digit of b?
7
Let f(h) = -h**3 - 3*h**2 + 6*h + 6. Let v be f(-4). Let x be v + 35 + 2 + 3. Let g = x + -23. What is the tens digit of g?
1
Suppose -t + 5 = -0*t. What is the units digit of t?
5
Suppose 4*g + 4*f + 95 = 247, 2*g + f - 77 = 0. Let p = g - 22. What is the tens digit of p?
1
Let c be (2 - (-14)/(-1))*-1. Suppose 2*q + 0*q = c. Suppose -z - 1 + q = m, -2*z = 4*m - 14. What is the units digit of z?
3
Let y be 4/(-6) - (-494)/39. Suppose 5*d = j + y, 0 = j + 3*d - 0*d - 20. What is the units digit of j?
8
Suppose q - 25 = 17. What is the units digit of q?
2
Suppose -4*k + 2*k + 40 = 0. What is the tens digit of k?
2
Let t be (0/(-4))/(-1 - 1). Suppose 4*f + 3 - 63 = t. What is the units digit of f?
5
Let w(u) = -31*u**3 - 2*u - 1. What is the units digit of w(-1)?
2
Let w = 6 + -5. Let d = w + 0. What is the units digit of d?
1
Let i = 188 + -50. What is the tens digit of i?
3
Suppose -5*s + b = -126, 3*s + b + 4*b = 70. Let v be 42/10 - 5/s. Let h = v + 7. What is the tens digit of h?
1
Let r be -69*-4*(-2)/(-6). Suppose 5*k - r = k. What is the units digit of k?
3
Let f = -32 - -71. Suppose 0*q = -2*z - q + 17, 3*z - 3*q = f. Let k(j) = -j**2 + 11*j - 6. What is the units digit of k(z)?
4
Let g(i) = -3*i - 4. Let x be g(-3). Let t = -103 - -172. Suppose -h = -2*h + 1, h = x*j - t. What is the tens digit of j?
1
Let c = 0 + -10. Let p = 61 + c. Suppose -12 = 3*k - p. What is the units digit of k?
3
Suppose 140 = 5*b - b. Let l = -25 - -2. Let y = b + l. What is the tens digit of y?
1
Let n(i) = i**2 - i + 3. Let p be n(0). What is the units digit of 44/p*9/6?
2
Suppose -2*i + 5 = -1, -i = -2*h + 43. What is the units digit of h?
3
Let t = 85 - -2. What is the tens digit of t?
8
Let f = 30 - 3. What is the units digit of f?
7
Let s = -8 - -7. Let i = 7 + s. What is the units digit of i?
6
Suppose 0 = 2*m + 4*v + v - 138, -4*v + 276 = 4*m. What is the tens digit of m?
6
Suppose 175 - 45 = 5*b. Let f = b + -4. What is the tens digit of f?
2
Suppose -366 = -7*v - 121. What is the tens digit of v?
3
Let c = -2 + 7. Suppose m - 6*m = -c. What is the units digit of m?
1
What is the units digit of (11 + -51)*(-4)/10?
6
Suppose -3*p + 14 = 5*h, -4*h + 3*p + 22 = -0*h. Suppose h*n = 2*n + 12. What is the units digit of n?
6
Suppose 5*q = -10, 4*q = -2*n + 5*q - 8. Let h(b) be the third derivative of b**6/120 + b**5/12 - b**4/12 + b**3/3 - b**2. What is the units digit of h(n)?
2
Let z be (0 - (0 + 0))*-1. Suppose n - 14 = -z*n. What is the tens digit of n?
1
Let f be 6/(-1*(-3)/2). Suppose 17 = 3*z - f. What 